 divided by 2704.
528
What is the remainder when 255060 is divided by 244979?
10081
Calculate the remainder when 4008195 is divided by 417.
408
What is the remainder when 1743620 is divided by 17?
15
Calculate the remainder when 260772219 is divided by 207456.
27
What is the remainder when 487207 is divided by 162366?
109
Calculate the remainder when 11259943 is divided by 31.
30
What is the remainder when 21143172 is divided by 87?
84
What is the remainder when 1031054 is divided by 147277?
115
Calculate the remainder when 722723 is divided by 8214.
8105
Calculate the remainder when 303342 is divided by 151451.
440
What is the remainder when 6846507 is divided by 383?
382
What is the remainder when 23352392 is divided by 26?
24
Calculate the remainder when 9073861 is divided by 4536907.
47
Calculate the remainder when 5867151 is divided by 5873.
24
Calculate the remainder when 110668 is divided by 8.
4
What is the remainder when 94826 is divided by 23168?
2154
Calculate the remainder when 36170043 is divided by 861191.
21
Calculate the remainder when 106624718 is divided by 7.
4
What is the remainder when 194597 is divided by 97245?
107
What is the remainder when 1227877 is divided by 181?
154
Calculate the remainder when 33450 is divided by 16724.
2
What is the remainder when 2962756274 is divided by 75?
74
What is the remainder when 21305130 is divided by 27?
24
Calculate the remainder when 1070969 is divided by 178137.
2147
Calculate the remainder when 619582 is divided by 88.
62
What is the remainder when 3939174 is divided by 180?
54
Calculate the remainder when 873542 is divided by 341.
241
Calculate the remainder when 999254 is divided by 813.
77
What is the remainder when 88722 is divided by 11084?
50
Calculate the remainder when 3889990 is divided by 44.
38
What is the remainder when 7316861 is divided by 78670?
551
What is the remainder when 5884335 is divided by 2942054?
227
Calculate the remainder when 5644001 is divided by 45886.
23
Calculate the remainder when 251128999 is divided by 38.
33
What is the remainder when 635976 is divided by 16736?
8
Calculate the remainder when 5024825 is divided by 59816.
281
What is the remainder when 183440337 is divided by 6?
3
What is the remainder when 125376 is divided by 124985?
391
What is the remainder when 1580478 is divided by 3474?
3282
Calculate the remainder when 372926 is divided by 1874.
0
What is the remainder when 183874 is divided by 311?
73
What is the remainder when 2075431 is divided by 32?
7
What is the remainder when 8958486 is divided by 4479241?
4
Calculate the remainder when 1547171 is divided by 56.
3
What is the remainder when 202156 is divided by 119?
94
What is the remainder when 4574833 is divided by 13183?
332
Calculate the remainder when 6287935 is divided by 3258.
3253
What is the remainder when 4297826 is divided by 238?
22
What is the remainder when 399329 is divided by 22?
7
What is the remainder when 260869 is divided by 86761?
586
What is the remainder when 2550316 is divided by 69?
7
What is the remainder when 1832205 is divided by 146?
51
What is the remainder when 17094198 is divided by 577?
573
What is the remainder when 24906 is divided by 12008?
890
Calculate the remainder when 364383 is divided by 305.
213
What is the remainder when 8642483 is divided by 24141?
5
Calculate the remainder when 1257185 is divided by 2253.
11
What is the remainder when 915853 is divided by 16339?
869
What is the remainder when 132119088 is divided by 49?
45
Calculate the remainder when 11995948 is divided by 3348.
64
What is the remainder when 239188 is divided by 39850?
88
What is the remainder when 4670385 is divided by 2335191?
3
What is the remainder when 11309960 is divided by 5654978?
4
What is the remainder when 60575 is divided by 302?
175
What is the remainder when 4809717 is divided by 687100?
17
What is the remainder when 23725024 is divided by 26?
24
What is the remainder when 362288 is divided by 25648?
3216
What is the remainder when 33090 is divided by 8187?
342
What is the remainder when 126220 is divided by 9705?
55
Calculate the remainder when 454087 is divided by 186.
61
What is the remainder when 9519445 is divided by 224?
117
What is the remainder when 2325408 is divided by 511?
358
What is the remainder when 68884218 is divided by 1069?
1065
Calculate the remainder when 179133 is divided by 89483.
167
Calculate the remainder when 10644563 is divided by 1408.
83
Calculate the remainder when 1809978 is divided by 6830.
28
Calculate the remainder when 617889 is divided by 2323.
2294
Calculate the remainder when 348039282 is divided by 69607856.
2
What is the remainder when 124162 is divided by 24816?
82
What is the remainder when 466667 is divided by 466604?
63
Calculate the remainder when 1168935 is divided by 146105.
95
What is the remainder when 18795659 is divided by 17566?
39
Calculate the remainder when 136162320 is divided by 759.
756
Calculate the remainder when 1484778 is divided by 37.
5
What is the remainder when 32325228 is divided by 7041?
7038
Calculate the remainder when 788704261 is divided by 21.
16
Calculate the remainder when 29059096 is divided by 175.
171
Calculate the remainder when 13665 is divided by 2974.
1769
Calculate the remainder when 24323202 is divided by 2364.
6
What is the remainder when 1969872 is divided by 80?
32
Calculate the remainder when 29378594 is divided by 9942.
9926
What is the remainder when 373172 is divided by 4442?
44
Calculate the remainder when 46215 is divided by 46056.
159
What is the remainder when 1454728 is divided by 181836?
40
What is the remainder when 1231558 is divided by 278?
18
Calculate the remainder when 22941571 is divided by 849687.
22
Calculate the remainder when 140179822 is divided by 46726597.
31
What is the remainder when 4952051 is divided by 198082?
1
Calculate the remainder when 138122 is divided by 57.
11
Calculate the remainder when 53670456 is divided by 76.
16
Calculate the remainder when 16690260 is divided by 10.
0
Calculate the remainder when 8958273 is divided by 2.
1
What is the remainder when 46460 is divided by 46235?
225
What is the remainder when 538941 is divided by 490?
431
Calculate the remainder when 1579877 is divided by 5643.
5480
What is the remainder when 40415 is divided by 13374?
293
What is the remainder when 1218678 is divided by 868?
6
What is the remainder when 22458044 is divided by 102082?
4
What is the remainder when 376522 is divided by 94119?
46
Calculate the remainder when 52658518 is divided by 1245.
1243
Calculate the remainder when 94924579 is divided by 2134.
2125
What is the remainder when 4335440 is divided by 655?
650
Calculate the remainder when 2124935 is divided by 40093.
6
Calculate the remainder when 46708449 is divided by 612.
609
What is the remainder when 502592 is divided by 598?
272
What is the remainder when 5667720 is divided by 472?
416
Calculate the remainder when 71421 is divided by 13594.
3451
What is the remainder when 13679966 is divided by 15000?
14966
What is the remainder when 27442114 is divided by 614?
612
What is the remainder when 52335 is divided by 1676?
379
Calculate the remainder when 8184650 is divided by 4092323.
4
What is the remainder when 4558498 is divided by 18606?
28
Calculate the remainder when 402001496 is divided by 3788.
3784
Calculate the remainder when 17788 is divided by 127.
8
What is the remainder when 2390275 is divided by 99581?
331
What is the remainder when 1380656 is divided by 554?
88
What is the remainder when 1692782 is divided by 16121?
77
Calculate the remainder when 345639 is divided by 2422.
1715
What is the remainder when 272420611 is divided by 13027?
13014
What is the remainder when 7262710 is divided by 72?
70
What is the remainder when 766152 is divided by 33310?
22
What is the remainder when 199529 is divided by 1044?
125
Calculate the remainder when 439753 is divided by 4019.
1682
Calculate the remainder when 19265 is divided by 3401.
2260
What is the remainder when 344943 is divided by 626?
17
What is the remainder when 11111760 is divided by 5555871?
18
Calculate the remainder when 344367774 is divided by 17.
15
Calculate the remainder when 496770 is divided by 1436.
13